
6
Let z be 615/12*4 - (4 + 0). Suppose -2*u + 3*j = 191, 291 = -7*u + 4*u + 3*j. Let t = u + z. What is the hundreds digit of t?
1
Let u = 41 - -843. Suppose -2*n - 3*j + 2402 = 0, -n + u = -3*j - 317. What is the tens digit of n?
0
Let q(m) = -m**3 + 25*m**2 + 7*m + 5. Let o be q(26). Let f = o - -1259. What is the units digit of f?
0
Let n be 123*(-3)/6*2. Let l = n - -346. What is the tens digit of l?
2
Suppose 145*v - 5199388 + 2018170 = 1536357. What is the hundreds digit of v?
5
Let a(f) = -f**2 - 8*f - 1. Let v be a(-7). Suppose 22 = -v*m + 106. Suppose 0 = m*g - 12*g - 224. What is the tens digit of g?
1
Suppose -11*q - 5 + 27 = 0. Suppose q*d = p - 281, 5*p + d = -0*d + 1438. What is the tens digit of p?
8
Let o be 45528/48 + (-2)/4. Let g = 143 + o. What is the hundreds digit of g?
0
Suppose 56*m - 599891 = 91485. What is the hundreds digit of m?
3
Let m(p) = 20*p**2 + 34*p + 277. What is the tens digit of m(-11)?
2
Suppose n + 4*h = 2, -6 = -n - 2*n + 5*h. Suppose 2*f = 4*d - 4882, -437 + 2873 = n*d - 2*f. What is the thousands digit of d?
1
Let x = -5194 - -3649. Let t = -337 - x. What is the hundreds digit of t?
2
Suppose -3*q - j - 134 = -6*q, 4*q - 196 = -3*j. Let p = 94 - q. Suppose -348 + p = -4*w. What is the units digit of w?
5
Let m(d) = -12*d - 45. Let f be m(-4). Suppose -4*k = 19 - 3, 0 = f*u - k - 190. Let g = 279 - u. What is the hundreds digit of g?
2
Let h(m) be the first derivative of -72*m**2 - 18*m + 41. Let f be h(-8). Suppose 5*w = -0*l - 3*l + f, 0 = 4*w - 3*l - 891. What is the hundreds digit of w?
2
Suppose 0 = 3*a - 3*x - 75, -x + 4 = -5*x. Let i be (a/18)/(2/3) + -84. Let f = 3 - i. What is the units digit of f?
5
Let f(z) = -11*z + 18. Let h(w) = 30*w + 29*w - 1 - 58*w. Let a(p) = -f(p) - 2*h(p). What is the tens digit of a(13)?
0
Let u be (1 - 6)/(-1 + 0). Suppose 107 = u*v + 5*n - 83, 5*v - 3*n - 230 = 0. What is the tens digit of v?
4
What is the units digit of ((10 - 54)/4 + -307)*134/(-3)?
4
Suppose -9*s + 4*s + 4*a = -66, 4*s - 2*a = 54. Let p(k) = 6*k**2 + 24*k - 27. What is the thousands digit of p(s)?
1
Let i = 150 + -144. Let a be (-8)/i + 84/63. Suppose -3*t + 4*t - 236 = a. What is the hundreds digit of t?
2
Suppose -4201 = -b + 4*a, -29*b + 24*b + 21053 = 4*a. What is the thousands digit of b?
4
Let a(w) = -w + 18. Let z be a(-6). Suppose 3*b + 44 = -5*s, 0*b + z = -2*b - 2*s. Let g(x) = -12*x - 12. What is the tens digit of g(b)?
8
What is the hundreds digit of 3 + -11 + (999 - 0/4)?
9
Suppose -10 - 21 = -3*y - 4*s, 0 = -5*y + 4*s + 41. Suppose -5*m + y*m = 840. What is the tens digit of m?
1
Let l(y) be the second derivative of 1/4*y**4 + 0 - 3/2*y**2 + 31*y + 1/3*y**3. What is the units digit of l(6)?
7
Suppose 0 = 5*f - 5*g - 50, f - 61*g + 56*g - 30 = 0. Let i be 1/(-1 + 2)*323. Suppose -4*q = 2*u + 77 - 341, i = f*q - u. What is the tens digit of q?
6
Let m = 28 + -44. Let q be (m - -15)/(-2 - (-170)/86). Suppose 2*i + 109 = 5*t - 118, q = t - i. What is the units digit of t?
7
Suppose 97*d - 475 = 2*d. Let l(m) = 5 + 9*m + 36*m - 4*m. What is the hundreds digit of l(d)?
2
Suppose -4*v - 2*d = 4, 0*d + 6 = 2*v - d. Let j be ((-3)/2)/(v/(-10)). What is the tens digit of (-1041)/(-5) + 6 + (-93)/j?
0
Suppose 2*p = 4*c - 43086, 5*c - 122*p - 53865 = -117*p. What is the hundreds digit of c?
7
Suppose -3*p + 3*x = -7776, -7778 = 3*p - 6*p + x. Let m = p + -1783. What is the units digit of m?
0
Let n(a) = 2665*a**2 + 266*a + 1331. What is the tens digit of n(-5)?
2
Let v(i) = 5808*i - 2297. What is the ten thousands digit of v(3)?
1
Suppose 3*p = 2*u + 5407, -u - 1393 - 2213 = -2*p. Let y = p + -834. What is the tens digit of y?
7
Let s(r) be the second derivative of 0 - 16*r + 1/12*r**4 - 13/6*r**3 - 49/2*r**2. What is the tens digit of s(20)?
9
Let l(g) = 6*g**2 - 41*g + 2. Let n be l(-9). Let f = n + -257. What is the hundreds digit of f?
6
What is the hundreds digit of (6641/(-551) - 4/(-76))*4118/(-4)?
3
Suppose 43*c = -2*y + 40*c + 11231, 22454 = 4*y - 2*c. What is the hundreds digit of y?
6
Let p = -7138 + 19422. What is the units digit of p?
4
Suppose -u = -3*d + 7, 2*d - u - 11 = -2*d. Let t be ((-66)/55)/(d/(-310)). Suppose -6*g + t = -3*g. What is the units digit of g?
1
Suppose 3*b - 4*g = -5*g + 54151, -3*b - 5*g = -54179. What is the hundreds digit of b?
0
Suppose -16*b - 105 = -25. What is the hundreds digit of (3 + b + 0)*-250?
5
Let n(r) = -r**2 - 9*r - 5. Let v be n(-8). Let x be (428/20 + v)*-5. Let g = x + 325. What is the hundreds digit of g?
2
Suppose 3*z - 2*p + 35 = 0, -2*z - 27 = p - 6. Let v = -15 - z. What is the tens digit of 0 + v + (-1 - -122)?
1
Let h = 4322 - 2808. Suppose -15*j + h = -721. What is the tens digit of j?
4
Let y = -263 - -281. Suppose -y*r = -16*r - 2374. What is the units digit of r?
7
Suppose -28930 = -2*l + 5*j, -21*j - 14487 = -l - 24*j. What is the ten thousands digit of l?
1
Suppose -17*u + 654 = -468. Suppose -u = -4*c + 3*x + 490, -5*c - 2*x = -695. Suppose r = 81 + c. What is the units digit of r?
0
Let u(b) = 45*b - 23*b - 21*b + 16. Let n be u(-14). What is the tens digit of ((n + -3)*10)/((-4)/34)?
8
Let v(g) = 26*g + 77. Suppose -3*l + 12 = -4*x - 14, -29 = -3*l + x. What is the hundreds digit of v(l)?
3
Let p(a) = -2*a**3 - 5*a**2 - 24*a + 136. What is the hundreds digit of p(-14)?
9
Let y(s) = 95*s**2 - 139*s - 926. What is the thousands digit of y(-6)?
3
Let i = 3350 + -1430. Suppose 0 = -228*j + 223*j + i. What is the tens digit of j?
8
What is the units digit of (1 - (1 + 1))/((-16)/32)?
2
Let y = 22851 + 4021. What is the ten thousands digit of y?
2
Suppose 0 = -37*n - 1816 + 28308. What is the tens digit of n?
1
Suppose -p + 532 = 530. What is the units digit of (p*107)/(-35 + 37)?
7
Let h(p) = -p**3 - 5*p**2 - 7*p - 8. Let d be h(-4). Suppose -d*t - 7*t = 0. Suppose -5*l = -t*o - o + 170, -2*o - 4*l + 298 = 0. What is the tens digit of o?
5
Let y(a) = 2*a**3 + 23*a**2 - 22*a - 1. Let b be y(-17). What is the hundreds digit of 2/5 + b/(-10)?
2
Let m(z) = 18 + 464*z - 463*z - 7. Let t be m(-9). Suppose -3*l = t*f - 123 - 166, 5*l - 486 = f. What is the tens digit of l?
9
Let j(k) = -2*k**2 - 218*k + 55059. What is the hundreds digit of j(0)?
0
Suppose 340*c - 393*c + 2909912 = 0. What is the thousands digit of c?
4
Let h(n) = 19*n**3 - n. Let q be 3/2*2*(-329)/21. Let j = 48 + q. What is the tens digit of h(j)?
1
Let f be 4 + 2/(-3 + 1 - -4). Suppose f*x = -2*x - 98. What is the tens digit of (-45)/(-2)*(x/(-10) + 1)?
5
Suppose 0 = a + 3*o - 25, 0 = -a - 2*a + 2*o + 42. Suppose -a*m + 36 = -15*m. Suppose z - 5*k - m = -k, 3*z - k = 64. What is the units digit of z?
0
Let g(p) = -3*p + p - 1754 + 1723 - p. Let s be g(-11). Suppose -4*c - 2*x + 644 = s*x, 0 = -x - 2. What is the hundreds digit of c?
1
Suppose -88180 - 156561 = -26*i - 54109. What is the units digit of i?
2
Suppose 5*o + b = -5, 4*o = 3*b + 2*b - 33. What is the tens digit of 36/(-54)*(1 - (-179)/o)?
5
Suppose 316 = 3*c + c - 4*n, 3*c - 5*n - 237 = 0. Let q = c + -77. What is the tens digit of (-183)/((q/(-3))/(32/36))?
4
Let o(s) = -18*s - 34. Let t be (((-21)/12)/7)/((-3)/60). Let p be o(t). Let q = p - -138. What is the tens digit of q?
1
Let k = -8515 + 14403. What is the units digit of k?
8
What is the tens digit of (-2 + 4/8)*5/((-60)/204904)?
1
Suppose 29*q - 114 = 83638. What is the hundreds digit of q?
8
Suppose -5*d + 2*r + 317 = 0, -5*r = -5*d - 0*r + 320. What is the hundreds digit of -11 - (-679)/d - 3550/(-18)?
1
Let n = -255 + 258. Suppose -5*i - 838 = -n*x + 5, 4*i = 4*x - 1132. What is the units digit of x?
6
Suppose -2308 = -4*r + 4*m, 6*r - 2*m + 2332 = 10*r. Suppose -5*a = 161 - r. What is the tens digit of a?
8
Let j(n) = -44*n**2 - 4*n - 3. Let o be j(-2). Let c be 4/1*-1 - (o - 8). Suppose -81 = -2*h + 5*d, 6*d = -4*h + 3*d + c. What is the units digit of h?
3
Let l(f) = 21*f - 4. Let r be l(6). Let i = -1946 - -1951. Suppose 5*o - i*g - 245 = 0, 4*o - 5*g - r - 79 = 0. What is the tens digit of o?
4
Let o(m) = 1701*m - 4788. What is the hundreds digit of o(11)?
9
Suppose 2*s = 6*s - 1856. Suppose 4*j + 3*i - s + 45 = 0, -315 = -3*j - 2*i. What is the hundreds digit of j?
1
Let n(b) = -b**3 - 16*b**2 - 3*b + 15. Let j = -52 + 54. Suppos